e the second derivative of -c**4/12 - c**3/6 + 114*c. Let g(w) = -w**3 - 8*w**2 - 8*w - 7. Let v(x) = g(x) - 2*u(x). Calculate v(-5).
-2
Let b(p) = -10*p + 47. Let f be ((-2)/42*3)/(18/(-882)). Determine b(f).
-23
Suppose 462948 = 114*w + 462492. Let r(q) be the first derivative of 0*q - 1/3*q**3 - 1 + 5/2*q**2. Determine r(w).
4
Suppose 2873 = 140*z + 1893. Let g(j) be the third derivative of -j**6/120 + j**5/10 + j**4/3 + j**3/2 - 2*j**2. What is g(z)?
10
Let a(v) = -2*v**3 - v**2 + 37*v + 1. Let p(b) = b**3 - 20*b - 1. Let w(s) = 6*a(s) + 11*p(s). Let r = -36 + 29. Calculate w(r).
30
Let u(w) = -104*w**2. Suppose 3*q + 3*g + 3 = 0, 5*g + 126 - 120 = -4*q. Determine u(q).
-104
Let t(w) be the first derivative of 3*w**2 + 3*w - 46807. Let z(b) = 6*b**2. Let r be z(1). Calculate t(r).
39
Let h(l) = l**2 + l - 6 - 3*l + 4. Suppose -7*u + 43 - 15 = 0. What is h(u)?
6
Let n = 1309 + -1304. Let o(d) = 4*d**2 + 4*d - 11. Let u(x) = -3*x**2 - 4*x + 10. Let c(j) = 4*o(j) + 5*u(j). Give c(n).
11
Suppose 0 = x - f + 22, 4*x + 3*f + 15 = -80. Let v = 23 + x. Let r(s) = -3*s**2 - s - 12 + 2*s**2 + 0*s**2. Give r(v).
-12
Let x(p) be the first derivative of p**4/4 + 4*p**3 + 9*p**2/2 - 21*p - 7775. What is x(-11)?
1
Let b be 75*1/3*10/2. Suppose -14*x + 41 - b = 0. Let w(i) = -i - 10. What is w(x)?
-4
Let p(v) = -v**3 - 13*v**2 - 24*v - 16. Suppose -197*h - 2002 = -15*h. Calculate p(h).
6
Let i(a) = -27*a + a**2 - 41*a + a**2 + 90*a + a**3 - 29*a - 1. What is i(-3)?
11
Let z(o) be the second derivative of o**6/360 - o**5/15 - o**4/12 - 21*o**3/2 - 6*o + 2. Let x(p) be the second derivative of z(p). Determine x(9).
7
Let i(a) = -a**2 - 4*a - 3. Let d(v) = 184*v + 3125. Let s be d(-17). Let g(o) = o**2 - 3*o - 1. Let y be g(4). Let w be -4 - (s - y) - (5 - 1). Give i(w).
1
Let w(a) be the third derivative of 1 - 33*a**2 + 1/12*a**4 + 0*a - 1/2*a**3. Calculate w(5).
7
Let j(s) = 31*s - 144. Let q(l) = -217*l + 992. Let y(v) = -62*j(v) - 9*q(v). Give y(3).
93
Let k(d) = -5*d**2 - 2*d - 1. Suppose -33*b = -124*b - 182. Determine k(b).
-17
Let d be (-6)/(-4)*(11152/(-24))/(-41). Let l(y) be the second derivative of -d*y + 0 + 1/5*y**5 - 1/12*y**4 + 0*y**2 - 1/3*y**3. Calculate l(2).
24
Let x(q) be the third derivative of 0 - 32*q**2 - 17/24*q**4 + 7/60*q**5 + 0*q + 1/2*q**3. Let c(z) = -3*z**2 + 8*z - 1. Let j(k) = 9*c(k) + 4*x(k). Give j(-5).
8
Let n(s) = -16*s**3 + 20*s**2 - 6*s - 16. Let g(h) = -3*h**3 + 4*h**2 - h - 3. Suppose k + 26 = 5*z, -k - 2 = -3*z + 6*z. Let p(b) = k*g(b) + 2*n(b). Give p(2).
-9
Let x(k) = -65*k**2 - 2 + 6 + 11 + 63*k**2 - 6*k. Give x(-7).
-41
Let w(b) = -130*b + 3. Let t(q) = -22*q. Let g(a) = 6*t(a) - w(a). Let p(u) = -u + 16. Let s be p(0). Let o = 10 - s. What is g(o)?
9
Let g = 7 + -6. Let d(k) = 2*k**3 - k**2 - 2*k - 3. Let l(y) = 13*y**3 - 2*y**2 - 6*y - 9. Let z(h) = 3*d(h) - l(h). What is z(g)?
-8
Let p(t) be the third derivative of t**4/8 - 19*t**3/6 - 2*t**2 + 43*t + 277. Suppose -5*c = -20 - 20. Determine p(c).
5
Let k(p) = 4*p + 21. Let f(x) = 11*x + 64. Let z be (1 + -4 - 5) + 5. Let t(s) = z*f(s) + 8*k(s). What is t(0)?
-24
Suppose -3*p + 34 = -2. Let j(g) be the second derivative of -g**3/3 + 14*g**2 - 152905*g. Give j(p).
4
Suppose 0 = d + d + 10, v - 4*d - 13 = 0. Let t(j) = -3*j + 20. Let n(h) = -2*h + 10. Let b(o) = -5*n(o) + 3*t(o). Calculate b(v).
3
Let a(c) = -c**3 + 27*c**2 - c + 36. Let l(j) = -j**2 + 18*j + 202. Let y be l(25). Give a(y).
9
Let s(v) = v**2 - 8*v + 7. Let h(p) = p**2 - 3. Let x(q) = 3*q - 6. Suppose 4*d - 19 = -7. Let j be x(d). Let i be h(j). Give s(i).
-5
Let t(x) = 33*x - 149*x + 115*x - 5. Calculate t(-14).
9
Suppose 61*y + 80*y + 721 = 38*y. Let n(p) = p**3 + 7*p**2 - 5*p - 29. Calculate n(y).
6
Let n(z) = -3*z**2 + 20*z. Let j = -319 + 328. Let k(x) = -7*x**2 + 43*x - 1. Let u(l) = j*n(l) - 4*k(l). Give u(-6).
-8
Let w(z) = -2*z**2 - 10*z. Suppose 168 = 6*m + 198. Let t be w(m). Let j(o) be the first derivative of o**2/2 - 4*o - 2. What is j(t)?
-4
Let n(t) be the second derivative of t**4/12 - t**3 + 5*t**2/2 + 38*t - 115. Let j(o) = -o**2 - 5*o. Let v be j(-4). Give n(v).
-3
Let u be 405/(-37) - (-108)/(-1998). Let b(t) = -7*t**2 - 33*t + 6. Let p(k) = -8*k**2 - 33*k + 6. Let j(r) = 5*b(r) - 4*p(r). Give j(u).
6
Let g(w) = 3*w - 13. Let d(q) = -470*q - 951. Let f be d(-2). Give g(f).
-46
Let x(v) = v**2 + 4*v + 5. Let s(q) = 10*q**2 + q + 9. Let m(w) = -8*w**2 - 2*w - 9. Let f(h) = -4*m(h) - 3*s(h). Let c(p) = -2*f(p) + 3*x(p). Calculate c(2).
-3
Let f(u) = 3*u**2 + 8*u - 7. Let b be f(5). Let m be (-29)/9 + 24/b. Let x(v) = -v**2 - 3*v + 1. Calculate x(m).
1
Let c(u) be the first derivative of -u**3/3 + 10*u**2 + 32*u + 3328. What is c(21)?
11
Let o be 23 + -22 - (-1 + -10). Let s be o/42 - (-6)/(-21). Let f(h) = -h**2 - h. Let d(k) = k**3 + 3*k**2 + 4*k + 7. Let y(b) = d(b) + 4*f(b). What is y(s)?
7
Let x = -30538 + 30534. Let n(s) = 12*s + 61. Give n(x).
13
Let k(a) be the first derivative of -a**4/2 + 3*a**3 + 7*a**2/2 - 2*a + 1151. Calculate k(5).
8
Let f be 1 + (-3 - -4) + 41. Let i = 48 - f. Suppose i*a - 30 = -5*b, 10 + 14 = 4*a - b. Let q(x) = -2*x + 6. Give q(a).
-6
Suppose 0 = q - 3*q - 10. Let m(u) be the third derivative of -3 + 1/12*u**4 - 5*u**2 - 5/6*u**3 + 0*u. Determine m(q).
-15
Let g(n) be the second derivative of -n**3/2 - 15*n**2 - 15*n - 32. What is g(-4)?
-18
Let w(t) be the first derivative of 11 - 1/3*t**3 - 7/2*t**2 + t. What is w(-5)?
11
Let j(z) = z**3 + 13*z**2 - 66*z + 39. Suppose -4*l - 58 = 5*g, l + 291*g - 289*g = -13. Calculate j(l).
5
Let j(o) = 728*o**2 - 254*o - 41. Let l(z) = -71*z**2 + 25*z + 4. Let a(y) = 4*j(y) + 41*l(y). Suppose g + 2*q = -2*q + 8, -q - 17 = 5*g. Give a(g).
-20
Let a be (5 - (-81)/(-15))*(-40)/2. Let x(u) = -u**3 + 8*u**2 + 2*u - 13. Let s be x(a). Let q(l) = -5*l + 15. Calculate q(s).
0
Let q(f) = -f**2 - 34*f + 111. Let n be q(-37). Let l(t) be the third derivative of -1/12*t**4 + 0*t + n - t**2 + 1/3*t**3 + 1/60*t**5. Determine l(2).
2
Let n(i) = 5*i**2 + 50*i - 4. Let l be n(-10). Let r(j) = j + 1. Let c(k) = -k - 2. Let u(z) = 4*c(z) + r(z). Calculate u(l).
5
Let s(f) = 35*f**2 - 33*f - 182. Let c(a) = -16*a**2 + 15*a + 92. Let p(y) = -11*c(y) - 5*s(y). Determine p(13).
67
Let n(a) be the second derivative of -a**3/6 + 7*a**2/2 - 248*a - 13. Calculate n(-22).
29
Let y(v) = 8*v + 179. Let g = -26421 + 26398. Calculate y(g).
-5
Let r(p) be the third derivative of p**4/12 + 11*p**3/6 + 125*p**2. Suppose 315*c = 312*c + 27. Calculate r(c).
29
Let r(w) be the first derivative of -w**2/2 + w - 1. Let f(g) = -g**3 - 101*g**2 - 351*g - 5583. Let l be f(-98). Give r(l).
-2
Let o be -1 - -5 - (2 - -2). Let j(p) = -2*p**2 - 13*p**3 + 22*p**3 + o + 4*p**2 - 1. Determine j(1).
10
Let b(v) = -v**3 + 8*v**2 + 26*v - 63. Let m = 13771 - 13761. Calculate b(m).
-3
Let g(o) = 7*o**3 - o + 2. Let a(r) = -r**3 - 12*r**2 + 23*r - 69. Let s be a(-14). What is g(s)?
8
Let l(q) be the third derivative of -q**6/120 - 4*q**5/15 + q**3/6 - 526*q**2. Give l(-16).
1
Let h(p) be the third derivative of -p**5/60 - p**4/12 + 11*p**3/6 - 2279*p**2. Determine h(-4).
3
Let q(m) = m - 14. Let c(r) = 2*r**2 + 2*r - 28. Suppose 0 = -4*l + 2*w + 14, 13 = 4*l + 3*w - 6*w. Let o be c(l). What is q(o)?
-2
Let y(l) = 2*l**2 + 9*l + 2. Let s be 26754/(-7007) + (-2)/11. Give y(s).
-2
Let m(g) be the third derivative of -g**6/120 - g**5/12 - g**4/6 - 13152*g**2. Let a = -11 - -7. Let s = a + 1. What is m(s)?
-6
Let c(i) = i**2 - 6*i + 4*i + 3*i. Let r(q) = -3 + 0 + q + 0*q. Let w be r(0). Give c(w).
6
Let p(h) be the first derivative of -1/2*h**2 - 1/3*h**3 - 137 - 5*h. Give p(0).
-5
Let c(o) = -1067 + 2262 - 1100 - 15*o. Calculate c(5).
20
Let p(k) be the second derivative of k**3/3 + k + 389. Determine p(11).
22
Let i(z) = -6*z**3 + 29*z**2 + 4*z + 2. Let d be i(5). Let h(g) = -13*g - 23. Determine h(d).
16
Let p(u) be the third derivative of -u**5/60 + 3*u**4/8 - 5*u**3/6 + 2*u**2. Let q(h) = -h**2 - 17*h + 119. Let n be q(5). Determine p(n).
-5
Let n be 1*-15*(-48)/20. Let l = -4437 - -4439. Suppose 22 = 3*p + q, -5*p + l*q - 3*q = -n. Let m(h) = -2*h + 6. Give m(p).
-8
Suppose 4*i - 7 = -5*s, 4*i - 4*s + 3*s = 13. Suppose -4*c + i*g - 9 = 4, 0 = 2*c - 4*g - 